e n(-1660).
-16
Let n(u) = -u**2 - 147*u - 4907. Calculate n(-45).
-317
Let d(v) = 26628*v - 479253. What is d(18)?
51
Let d(w) = 15910*w + 95395. Calculate d(-6).
-65
Let d(m) = -85957*m - 85611. Give d(-1).
346
Let u(z) = -1355*z - 6962. Calculate u(-5).
-187
Let y(d) = -4*d**3 - 31*d**2 - 15*d + 7. What is y(-11)?
1745
Let f(i) = -6*i**2 + 91*i + 97. What is f(-1)?
0
Let b(p) = -p**2 + 1033*p - 217730. Calculate b(295).
-20
Let q(c) = 2*c**3 + 459*c**2 + 4599*c + 19. What is q(-219)?
19
Let o(m) = -3*m**3 + 77*m**2 + 75*m - 935. Give o(26).
339
Let v(o) = o**3 + 72*o**2 + 380*o + 32. Determine v(-6).
128
Let r(p) = -p**2 + 3788*p + 325244. What is r(-84)?
-4
Let p(j) = -10707*j + 1895114. Calculate p(177).
-25
Let a(o) = 13*o**3 - 87*o**2 + 10*o - 6. Give a(4).
-526
Let d(a) = 1548*a - 95143. Determine d(62).
833
Let r(n) = 11425*n + 102872. Calculate r(-9).
47
Let p(m) = -4*m**3 - 104*m**2 - 6*m + 85. Calculate p(-26).
241
Let z(s) = 14*s**2 + 1678*s + 12333. Determine z(-112).
13
Let l(p) = -54*p**2 - 70*p + 423. Give l(6).
-1941
Let q(n) = -8*n**3 - 1236*n**2 - 1870*n - 5203. What is q(-153)?
-1
Let h(q) = 8*q**2 - 13153*q + 26313. Give h(2).
39
Let z(a) = -40693*a - 1. Give z(0).
-1
Let c(r) = -2*r**2 + 61*r + 5428. What is c(-33)?
1237
Let a(z) = -z**3 - 35*z**2 - 204*z - 2523. Calculate a(-31).
-43
Let z(b) = 2*b**3 - 39*b**2 + 30*b - 277. Determine z(19).
-68
Let s(t) = -77084*t - 1002086. Determine s(-13).
6
Let u(k) = 3*k**3 - 195*k**2 + 1708*k - 28. Determine u(10).
552
Let f(p) = -2*p**3 - 128*p**2 + 64*p - 4450. What is f(-65)?
-160
Let y(i) = 1597*i + 57501. Determine y(-36).
9
Let q(z) = -3634*z + 178151. Give q(49).
85
Let i(x) = -5*x**2 - 1562*x - 14415. What is i(-303)?
-174
Let j(n) = n**2 - 125875*n + 251756. Calculate j(2).
10
Let z(i) = -6720*i - 85476. Determine z(-13).
1884
Let b(y) = -2503*y + 145184. What is b(58)?
10
Let g(t) = 3*t**3 + 34*t**2 - 42*t - 293. Calculate g(-12).
-77
Let a(v) = v**3 + 33*v**2 + 17*v - 497. Determine a(-32).
-17
Let k(d) = 18*d**3 + 1402*d**2 - 158*d - 242. Calculate k(-78).
-86
Let i(z) = -z**3 - 24*z**2 - 10962*z - 274688. What is i(-25)?
-13
Let t(j) = -j**3 + 424*j**2 + 3370*j + 37165. Determine t(432).
13
Let i(b) = 8397*b + 142777. Calculate i(-17).
28
Let w(c) = -11109*c - 9310. Give w(-1).
1799
Let x(f) = -3*f**2 - 392*f - 13314. Determine x(-71).
-605
Let f(j) = 228*j**3 + 4*j**2 - 378*j + 752. Determine f(2).
1836
Let s(t) = t**3 + 207*t**2 - 4821*t + 688. What is s(21)?
-5
Let c(m) = -m**3 + 264*m**2 - 490*m - 8943. Determine c(262).
-35
Let w(l) = -16*l**2 - 203*l + 2362. Determine w(-20).
22
Let h(j) = 9*j**2 + 1513*j - 510. Give h(-168).
-678
Let d(u) = -7573*u + 2052280. Calculate d(271).
-3
Let m(b) = -6891*b + 48198. Give m(7).
-39
Let g(x) = -3120115*x - 18720686. Give g(-6).
4
Let h(c) = -1747*c + 728489. Give h(417).
-10
Let b(t) = 2*t**2 + 857*t + 30374. Determine b(-39).
-7
Let j(c) = 9717*c - 97170. Determine j(10).
0
Let b(c) = 2*c**3 + 287*c**2 + 861*c + 1. Give b(-3).
-53
Let h(u) = -2*u**3 + 50*u**2 + 46*u + 423. What is h(27)?
-1251
Let u(q) = -2*q**3 + 9*q**2 - 129*q + 439. Determine u(4).
-61
Let r(n) = 92924*n + 2415990. Calculate r(-26).
-34
Let d(i) = -1130*i - 2693. Determine d(-3).
697
Let z(y) = 15*y**2 + 133*y + 1622. Give z(-13).
2428
Let f(n) = 64926*n + 129859. Calculate f(-2).
7
Let y(l) = 17831*l + 1497799. What is y(-84)?
-5
Let q(g) = -g**3 + 9*g**2 - 82*g + 349. Calculate q(13).
-1393
Let z(g) = -155*g**3 - 381*g**2 - 133*g + 15. Give z(-2).
-3
Let t(a) = 310*a - 1633. What is t(6)?
227
Let h(s) = 169*s + 3277. Determine h(-19).
66
Let r(m) = 2*m**2 - 541*m + 24214. Determine r(214).
32
Let v(z) = -z**3 + 179*z**2 - 2612*z + 551. What is v(163)?
-101
Let d(b) = b**3 - 57*b**2 + 729*b - 1930. Give d(40).
30
Let k(c) = 3941*c**2 - 3920*c - 1. Calculate k(1).
20
Let b(n) = -3*n**3 - 41*n**2 + 1364*n + 18068. Calculate b(-13).
-2
Let z(r) = -241*r**2 + 8372*r + 2196. Calculate z(35).
-9
Let c(m) = -m**2 + 3191*m - 31796. Give c(10).
14
Let f(h) = -2*h**2 - 2*h - 52. Calculate f(8).
-196
Let a(u) = -u**3 - 26*u**2 - 8*u + 2101. Give a(-18).
-347
Let w(n) = 29089*n - 116185. Calculate w(4).
171
Let i(y) = 10917*y + 42814. Determine i(-4).
-854
Let m(i) = -36*i**3 - 426*i**2 + 46*i - 32. Give m(-12).
280
Let m(i) = -34786*i - 7583343. Give m(-218).
5
Let k(a) = 3*a**2 - 861*a - 55257. Calculate k(-54).
-15
Let n(x) = 24*x**2 + 1737*x + 167. Give n(-72).
-481
Let m(x) = 83*x**3 - 6556*x**2 - 83*x + 322. Give m(79).
6
Let l(i) = 52*i - 7114. Determine l(176).
2038
Let x(j) = -j**2 - 2647*j - 21135. What is x(-8)?
-23
Let r(k) = 886*k + 9142. What is r(-10)?
282
Let r(d) = 4*d**2 + 8*d - 1729. Calculate r(21).
203
Let m(q) = -2*q**3 + 273*q**2 - 429*q + 3141. Give m(135).
-99
Let z(b) = b**3 + 50*b**2 + 6*b - 48. Give z(-50).
-348
Let h(y) = 2440*y + 1281111. Calculate h(-525).
111
Let m(h) = -773*h**2 + 375*h + 393. Determine m(-1).
-755
Let d(l) = -3*l**2 - 87*l + 17. Calculate d(8).
-871
Let z(d) = 88767*d - 2663012. Give z(30).
-2
Let k(r) = 9352*r + 1898510. Calculate k(-203).
54
Let k(o) = o**3 + 92*o**2 - 7888*o - 720374. Determine k(-96).
10
Let y(t) = 8*t**2 - 8805*t + 44075. Calculate y(5).
250
Let i(c) = 61*c - 524. What is i(22)?
818
Let j(r) = -r**2 - 11*r + 31490. Determine j(172).
14
Let p(k) = -k**3 + 65*k**2 - 54*k + 298. Give p(64).
938
Let h(t) = -18*t**2 + 158*t - 38. What is h(1)?
102
Let u(z) = 1864*z - 9151. What is u(5)?
169
Let r(c) = 2*c**3 + 542*c**2 + 516*c - 5970. Give r(-270).
510
Let i(q) = 32314*q - 323140. Give i(10).
0
Let l(y) = 1239*y + 9087. Give l(-10).
-3303
Let o(g) = 163*g**2 - 14648*g - 2139. Determine o(90).
-159
Let y(s) = 163*s + 8308. Determine y(-52).
-168
Let t(k) = 766*k**2 + 3032*k - 170. Calculate t(-4).
-42
Let f(m) = 112*m + 428. Give f(4).
876
Let i(b) = 28*b**3 + 476*b**2 + 249*b + 4080. Calculate i(-17).
-153
Let j(i) = 23887*i + 4. Calculate j(0).
4
Let s(f) = 2434*f**2 + 7271*f + 6. Determine s(-3).
99
Let q(i) = -519*i - 134505. Give q(-260).
435
Let g(d) = 2*d**3 - 393*d**2 + 5779*d + 12. Determine g(16).
60
Let w(m) = 15*m**2 - 139*m - 1668. Determine w(-7).
40
Let t(u) = -22341*u + 111716. Give t(5).
11
Let s(n) = -431*n**3 + 115*n**2 + 120*n - 1. What is s(-1)?
425
Let o(v) = 5*v**2 + 1057*v + 13261. Give o(-198).
-5
Let c(y) = 6*y**2 - 557*y + 11340. Calculate c(24).
1428
Let b(p) = p**2 + 18374*p - 183851. Determine b(10).
-11
Let n(d) = -8*d**3 + 827*d**2 - 4215*d + 96. Determine n(98).
-2
Let a(g) = 1199*g**2 + 4831*g + 171. What is a(-4)?
31
Let s(v) = 8096*v + 66468. Calculate s(-8).
1700
Let h(i) = 397*i + 75091. Determine h(-189).
58
Let s(l) = 4*l**3 + 113*l**2 + 95*l + 123. Calculate s(-27).
1203
Let m(f) = 10*f**3 + 14*f**2 - 777*f - 106. Calculate m(8).
-306
Let c(s) = s**3 + 15*s**2 - 332*s - 371. Calculate c(-27).
-155
Let j(u) = -619343*u + 3716082. Give j(6).
24
Let i(v) = -v**2 + 6961*v - 90322. Determine i(13).
2
Let y(s) = 1110*s + 6719. Give y(-7).
-1051
Let n(c) = 1126*c - 24827. Give n(22).
-55
Let h(s) = -3*s**2 - 42*s + 2780. Calculate h(33).
-1873
Let i(y) = y**3 + 37*y**2 - 119*y - 246. Give i(-39).
1353
Let f(b) = 23*b**3 + 195*b - 807. Calculate f(5).
3043
Let d(x) = 2*x**3 - 11789*x**2 - 606441*x - 7. What is d(-51)?
-7
Let m(y) = -y**3 + 60*y**2 - 116*y + 322. Determine m(58).
322
Let a(k) = k**2 - 462*k - 1428. What is a(-3)?
-33
Let s(p) = -p**2 + 224*p - 12172. Determine s(93).
11
Let a(s) = -3*s**3 - 64*s**2 - 41*s - 489. Determine a(-21).
-69
Let i(d) = -3833*d - 111162. What is i(-29)?
-5
Let d(m) = -m**2 + 184*m + 26452. Give d(276).
1060
Let q(v) = -v**2 - 265*v - 15928. Determine q(-173).
-12
Let o(p) = p**3 + 8040*p + 16086. Calculate o(-2).
-2
Let q(x) = -59436*x + 416810. Calculate q(7).
758
Let n(v) = v**3 + 25*v**2 + 60*v - 78. Determine n(-24).
-942
Let c(u) = 43*u**2 + 158*u + 26. Determine c(-6).
626
Let p(u) = -u**3 - 366*u**2 + 33063*u - 5300. Give p(-441).
-8
Let j(b) = b**2 + 8094*b - 48599. Calculate j(6).
1
Let m(d) = 9*d**2 + 247*d - 78. Give m(-29).
328
Let f(w) = 32*w**3 - 414*w**2 + 8*w - 566. Determine f(13).
-124
Let x(n) = -23*n**2 + 189014*n - 378025. Calculate x(2).
-89
Let j(b) = -68375*b - 3. Determine j(0).
-3
Let w(x) = 